alculate the remainder when 198333693 is divided by 2955.
3
Calculate the remainder when 594009 is divided by 240.
9
What is the remainder when 18157196 is divided by 6052393?
17
Calculate the remainder when 55846 is divided by 55542.
304
What is the remainder when 228973 is divided by 9143?
398
Calculate the remainder when 406178 is divided by 17.
14
What is the remainder when 3252456 is divided by 251?
249
What is the remainder when 5274803 is divided by 3?
2
What is the remainder when 489830 is divided by 1835?
1720
Calculate the remainder when 16628022 is divided by 56.
54
What is the remainder when 1477633 is divided by 59?
37
What is the remainder when 4559360 is divided by 17?
11
What is the remainder when 49048006 is divided by 24524?
6
Calculate the remainder when 5748478 is divided by 1437100.
78
Calculate the remainder when 20385062 is divided by 5765.
22
Calculate the remainder when 46261 is divided by 23117.
27
What is the remainder when 153407038 is divided by 60?
58
Calculate the remainder when 176253166 is divided by 112.
110
What is the remainder when 74661 is divided by 1201?
199
What is the remainder when 39656042 is divided by 1279227?
5
What is the remainder when 3438 is divided by 540?
198
Calculate the remainder when 21874 is divided by 21561.
313
Calculate the remainder when 12778443 is divided by 1849.
4
What is the remainder when 48920 is divided by 1610?
620
Calculate the remainder when 1712695 is divided by 36.
31
What is the remainder when 376433 is divided by 1012?
981
What is the remainder when 297039 is divided by 937?
10
Calculate the remainder when 53854 is divided by 2236.
190
What is the remainder when 6897575 is divided by 1557?
65
Calculate the remainder when 458351130 is divided by 656.
650
What is the remainder when 956585 is divided by 59730?
905
Calculate the remainder when 232595005 is divided by 2993.
2989
Calculate the remainder when 763998 is divided by 254460.
618
What is the remainder when 11294238 is divided by 37152?
30
Calculate the remainder when 105458 is divided by 1993.
1822
Calculate the remainder when 17122571 is divided by 3424499.
76
What is the remainder when 373104 is divided by 708?
696
Calculate the remainder when 84131 is divided by 2678.
1113
Calculate the remainder when 3240619 is divided by 424.
411
What is the remainder when 1206817 is divided by 603266?
285
Calculate the remainder when 8305 is divided by 276.
25
What is the remainder when 393382 is divided by 238?
206
What is the remainder when 3980 is divided by 351?
119
Calculate the remainder when 19848836 is divided by 10.
6
What is the remainder when 6199373 is divided by 13359?
797
Calculate the remainder when 1825257 is divided by 162.
3
What is the remainder when 4176599 is divided by 245?
84
What is the remainder when 77481 is divided by 12831?
495
Calculate the remainder when 545382 is divided by 272507.
368
What is the remainder when 23079922 is divided by 84?
82
Calculate the remainder when 7475529 is divided by 59.
52
Calculate the remainder when 607711 is divided by 50590.
631
What is the remainder when 12314 is divided by 10073?
2241
Calculate the remainder when 3266280 is divided by 8045.
10
Calculate the remainder when 83488 is divided by 3749.
1010
Calculate the remainder when 77776 is divided by 264.
160
What is the remainder when 23967 is divided by 4719?
372
What is the remainder when 25371183 is divided by 1699?
16
What is the remainder when 66977859 is divided by 413?
410
What is the remainder when 6043152 is divided by 2014380?
12
Calculate the remainder when 1526775 is divided by 111.
81
What is the remainder when 5785209 is divided by 10114?
1
What is the remainder when 1547534 is divided by 67?
35
Calculate the remainder when 13875 is divided by 196.
155
Calculate the remainder when 884261 is divided by 294750.
11
What is the remainder when 477021 is divided by 14899?
253
Calculate the remainder when 19343889 is divided by 133.
103
What is the remainder when 556306 is divided by 116?
86
What is the remainder when 3684201 is divided by 614027?
39
What is the remainder when 3842199 is divided by 29555?
49
What is the remainder when 24442486 is divided by 10257?
55
What is the remainder when 4261005 is divided by 857?
1
Calculate the remainder when 79494907 is divided by 1488.
1483
Calculate the remainder when 4560669 is divided by 51240.
309
What is the remainder when 1158419 is divided by 860?
859
What is the remainder when 404016 is divided by 127?
29
Calculate the remainder when 5095997 is divided by 980.
977
Calculate the remainder when 5555736 is divided by 2777862.
12
Calculate the remainder when 25370890 is divided by 5243.
13
What is the remainder when 26816245 is divided by 47046?
25
What is the remainder when 5220876 is divided by 2943?
2937
Calculate the remainder when 162876 is divided by 54284.
24
What is the remainder when 676700 is divided by 362?
122
What is the remainder when 132917 is divided by 2122?
1353
What is the remainder when 81224 is divided by 5792?
136
What is the remainder when 4331274 is divided by 284?
274
What is the remainder when 18276 is divided by 1142?
4
What is the remainder when 792736 is divided by 14156?
0
Calculate the remainder when 116060 is divided by 37987.
2099
What is the remainder when 10353 is divided by 3279?
516
Calculate the remainder when 8045056 is divided by 1014.
994
Calculate the remainder when 8011615 is divided by 1602323.
0
Calculate the remainder when 135109 is divided by 67506.
97
Calculate the remainder when 216823 is divided by 11410.
33
Calculate the remainder when 1055554 is divided by 36.
34
Calculate the remainder when 82414 is divided by 1585.
1579
Calculate the remainder when 3112798 is divided by 406.
402
Calculate the remainder when 712899 is divided by 79147.
576
Calculate the remainder when 214929 is divided by 52.
13
What is the remainder when 297935854 is divided by 72?
70
Calculate the remainder when 11877061 is divided by 28758.
7
Calculate the remainder when 112281697 is divided by 289.
284
Calculate the remainder when 13828757 is divided by 3457189.
1
Calculate the remainder when 2456634 is divided by 2559.
2553
What is the remainder when 1784735 is divided by 1437?
1418
Calculate the remainder when 8498320 is divided by 289.
275
Calculate the remainder when 2026203 is divided by 6104.
5779
Calculate the remainder when 26434361 is divided by 7.
2
Calculate the remainder when 1149353 is divided by 2101.
106
What is the remainder when 905826 is divided by 226433?
94
What is the remainder when 58426 is divided by 217?
53
Calculate the remainder when 1596700 is divided by 93.
76
Calculate the remainder when 1717318 is divided by 572307.
397
What is the remainder when 31672184 is divided by 7918046?
0
Calculate the remainder when 2510685 is divided by 96561.
99
Calculate the remainder when 168532 is divided by 1980.
232
What is the remainder when 1060707 is divided by 1060696?
11
What is the remainder when 163881 is divided by 4024?
2921
What is the remainder when 2042568 is divided by 11808?
11592
Calculate the remainder when 2145214 is divided by 536290.
54
Calculate the remainder when 11259502 is divided by 307.
277
What is the remainder when 16532078 is divided by 89?
61
Calculate the remainder when 3968429 is divided by 566879.
276
Calculate the remainder when 91070 is divided by 45532.
6
What is the remainder when 310454 is divided by 15521?
34
What is the remainder when 512355 is divided by 73114?
557
Calculate the remainder when 436352 is divided by 218170.
12
What is the remainder when 22286692 is divided by 361?
357
Calculate the remainder when 4573608 is divided by 190567.
0
What is the remainder when 10688630 is divided by 1384?
1382
What is the remainder when 1102036 is divided by 3290?
3176
Calculate the remainder when 4325702 is divided by 2162826.
50
What is the remainder when 65659 is divided by 534?
511
Calculate the remainder when 758651 is divided by 273.
257
What is the remainder when 35531 is divided by 47?
46
What is the remainder when 137868 is divided by 68537?
794
Calculate the remainder when 41099614 is divided by 1330.
1284
Calculate the remainder when 242193 is divided by 251.
229
Calculate th